Let b be (8/1)/4 + -68. Let d = 103 + b. Suppose 5*o = -2*n + 37, o = 3*n - d - 10. List the prime factors of n.
2
Suppose 2*m - 3*m - 806 = -k, -836 = -k - 5*m. Suppose -4*j + 4*r = -0*j - 652, 0 = 5*j - 4*r - k. What are the prime factors of j?
3, 53
What are the prime factors of 701470/275 - 12/15?
2, 3, 5, 17
Let g(u) = -u**2 - 5*u - 1. Let l be g(-4). What are the prime factors of (79/(-2))/(l/(-6))?
79
List the prime factors of (131104/(-48))/((-1)/(-3)*-2).
17, 241
Suppose 5*m + 9*h - 6315 = 4*h, 1251 = m - 5*h. List the prime factors of m.
13, 97
Let k(d) = d**3 - 4*d**2 - 6*d + 2. Let j be k(5). List the prime factors of j/1*11*(1 - 2).
3, 11
Suppose 6 = -0*y + 4*y - 5*m, 0 = 4*m - 8. Suppose y*g + 5*l - 20 - 97 = 0, -5*l - 107 = -4*g. What are the prime factors of g?
2, 7
Let s be 5 - (-2)/(-4)*0. Let n(o) = -2*o + 3 - 7 + s*o**2 + 3. What are the prime factors of n(-1)?
2, 3
Let f(a) = -2*a**2 + a + 11. Let k(s) = -6*s**2 + 4*s + 32. Let u(y) = 17*f(y) - 6*k(y). What are the prime factors of u(7)?
2, 11
Let h(r) = -r**3 - 23*r**2 - 5*r - 11. Let b = 19 - 42. List the prime factors of h(b).
2, 13
Let m be 19 - (-3 + 0/2). Let j = m + -14. Let p(u) = -u**2 + 13*u - 8. List the prime factors of p(j).
2
What are the prime factors of (17784/117)/(2/11)?
2, 11, 19
Let k = 16 + -12. Suppose j + 49 = -j - v, -k = -4*v. Let m = 54 + j. List the prime factors of m.
29
Let h = 1 - -4. Suppose -h*v - d + 22 = -33, -25 = 5*d. Suppose v*l = 10*l + 70. What are the prime factors of l?
5, 7
What are the prime factors of -53*(-1)/(-4*(-2)/104)?
13, 53
Suppose 99*h - 13804 = 95*h. List the prime factors of h.
7, 17, 29
Suppose -2*j + 4274 = 4*n, -4268 = -4*n - 2*j - 2*j. List the prime factors of n.
2, 5, 107
Suppose -109 = 4*j + 39. Let g = -18 - -107. Let n = j + g. What are the prime factors of n?
2, 13
Suppose -18*a + 9170 = 1790. What are the prime factors of a?
2, 5, 41
Let y(s) = -3 - 15*s**2 + s + 32*s**2 - 8*s**2. What are the prime factors of y(-3)?
3, 5
Let d = -2116 - -3703. What are the prime factors of d?
3, 23
Let c(l) = -51*l**3 - 7*l**2 + 4*l - 4. List the prime factors of c(-4).
2, 3, 29
Let x(b) = -b**2 - 12*b + 4934. What are the prime factors of x(0)?
2, 2467
Suppose -3*w + 6*w = 3*u - 15702, -3*w - 5238 = -u. What are the prime factors of u?
2, 3, 109
List the prime factors of (-4206)/(-6) + -7 - 4.
2, 3, 5, 23
List the prime factors of (-3)/(4 - 2815/700).
2, 5, 7
Let i(z) = -z**2 - 8*z - 2. Let r be i(-7). Suppose 665 = r*n - 5*l, -83 = -3*n - 5*l + 308. List the prime factors of n.
2, 3, 11
Suppose -4*u + 4*i = 8, -3*u = 4*i - 3*i - 10. What are the prime factors of u/6 - (-2483)/39?
2
Let v(s) = s + 7. Let a be v(-5). Suppose -317 = -5*h + a*g - 70, 90 = 2*h - 3*g. Suppose h = 15*f - 12*f. List the prime factors of f.
17
Let h = -1308 + 2262. List the prime factors of h.
2, 3, 53
Suppose -59 = -5*a + 111. Suppose 3*j = j + a. Suppose -5*g - 3*p - j = -95, -p = -2*g + 29. List the prime factors of g.
3, 5
Let l(i) = -i**3 - 3*i**2 + 4*i + 3. Let k be l(-4). Suppose f + h = -35, -3*f - f - k*h - 136 = 0. Let z = f - -43. What are the prime factors of z?
2, 3
Suppose -5*g - 11 = 3*u, 4 = 4*g - 2*g + 4*u. What are the prime factors of 14 + 18/g*8/12?
11
Let f = -114 + 54. List the prime factors of (-21)/(-7) + (-1 - f).
2, 31
Let g be ((-4)/10)/((-1)/(-35)). Let x be (-21)/49 - 818/g. Let n = -36 + x. List the prime factors of n.
2, 11
Let q(z) = 10*z**2 + 20*z - 919. List the prime factors of q(25).
7, 17
Suppose 7 = -3*m - 2. Let i(y) = 6*y**2 - 2*y - 3. List the prime factors of i(m).
3, 19
Let r = -9 - 6. Suppose -11 - 24 = 7*p. Let v = p - r. List the prime factors of v.
2, 5
Let x be (12/(-7))/((-5)/105). Let h = -31 + x. List the prime factors of h.
5
Let v be (-5 - -2)/(9/60). Let x = v - -33. List the prime factors of x.
13
Let c(l) = -4*l**3 + 2*l**2 + 5*l - 5. Let b be c(4). Let g = -147 - b. What are the prime factors of g?
2, 31
Let w = 395 + 10. What are the prime factors of w?
3, 5
Let c(s) = -6*s**3 - 6*s**2 + 6*s - 8. Let u be c(4). What are the prime factors of (-1)/3 + u/(-6)?
7, 11
Suppose 95 = 21*s - 2*s. Suppose -x = -3*o - 109, o = 4 - s. List the prime factors of x.
2, 53
Let l(i) = -9*i**2 - 398*i - 17. What are the prime factors of l(-43)?
2, 3, 19
Let i(m) = -m**3 - 8*m**2 + 8. Let s be i(-8). Let j = -39 - s. Let n = j - -80. List the prime factors of n.
3, 11
Suppose -6*q - 5 = -17. Suppose -3*k - n = -517, q*k + 2*k = -5*n + 704. What are the prime factors of k?
3, 19
Suppose -5*u - 4*n - 22 = -344, -4*u = 2*n - 260. List the prime factors of u.
2, 3, 11
List the prime factors of (7 - 2) + (-168084)/(-46).
3659
Suppose -1957 = -2*c - 551. List the prime factors of c.
19, 37
Let y be ((-2)/(-2))/((-2)/(-12)). Let s(c) = c**2 - 7*c + 6. Let p be s(y). Suppose 5*n + 5 = p, 4*n + 33 = 2*k + n. List the prime factors of k.
3, 5
Let r = -1081 - -1534. List the prime factors of r.
3, 151
Let r be (-3520)/(-90) + 2/(-18). Suppose -6*g = -27 - r. List the prime factors of g.
11
Let t(z) be the third derivative of z**6/120 - z**5/15 + z**4/6 - z**3/3 - 6*z**2. List the prime factors of t(4).
2, 7
Let g = -36 + 38. Suppose s - g*s + l = -15, -5*s + 3*l + 71 = 0. What are the prime factors of s?
13
Suppose -5*a + 5*f + 1905 = 0, 0 = -2*a - 11*f + 9*f + 774. What are the prime factors of a?
2, 3
Suppose 376 = g - 2*j, -j - j + 1856 = 5*g. What are the prime factors of g?
2, 3, 31
Let s be (168/70)/((-6)/(-740)). Suppose s = 7*y - 3*y. What are the prime factors of y?
2, 37
Let a(f) = -10*f + 13*f**2 + 10*f + 1. Let r be a(1). Suppose -9*g + r*g = 115. List the prime factors of g.
23
Let m(u) = -u**3 - 13*u**2 + 16*u + 28. Let l be m(-14). Suppose l = -11*x + 8*x + 5*k + 620, -2*x = 2*k - 392. What are the prime factors of x?
2, 5
Suppose 2*l - 30 = 8*l. Let q = -5 - l. What are the prime factors of (q - 2)*455/(-14)?
5, 13
List the prime factors of (13472/(-64))/((-3)/18).
3, 421
Let a(v) = 16*v**2 + 16*v - 20. What are the prime factors of a(-7)?
2, 163
Let o(n) = n - 1. Let i be o(1). Suppose -129 = -4*l - 0*h - 3*h, i = 3*h + 15. Let d = l - 22. List the prime factors of d.
2, 7
Suppose -2*o = 3*o - 35. Let k be (1 + 1 - o) + 2. Let h(v) = -v**2 - 7*v - 4. What are the prime factors of h(k)?
2
Let d(q) = -6*q + 35. Let h(i) = i - 6. Let u(w) = 6*d(w) + 34*h(w). Let z = -2 - -2. List the prime factors of u(z).
2, 3
Let t(x) = -2*x**3 - 2*x**2 - x + 3. Suppose 0 = 2*i + 5*h, i = 5*h - 10 - 5. What are the prime factors of t(i)?
2, 13
Let d(p) = 33*p**2 + 7*p - 6. Let k be d(4). List the prime factors of k/8 - (-18)/(-24).
2, 17
Suppose k - 269 = 3*i, 4*k + 5*i - 721 - 287 = 0. What are the prime factors of k?
257
Suppose 2*v - 3*o + 0 = -6, 0 = -4*v + o + 8. Suppose -v*k = 4*x - 15, -3*x - 7 - 18 = -5*k. Suppose -141 = -k*u - 26. What are the prime factors of u?
23
Suppose 5*x - 3*v = 2576, 4*x + 3*v - 1241 = 809. Suppose 2*h + 90 - x = 0. What are the prime factors of h?
2, 53
Suppose j + 4 = 0, 9*c - j = 8*c + 79. List the prime factors of (-2 + c/4)/((-1)/(-12)).
3, 67
Let j be 2/4 + (-1)/(-2). Let c(g) = 3*g**2 - 2*g + 1. Let t be c(j). List the prime factors of (-3)/t*(-208)/12.
2, 13
Let s(t) = -t**2 - 16*t + 22. Let f be s(-17). Suppose 2*l + 26 = -j + 3*j, -25 = -4*j - f*l. List the prime factors of j.
2, 5
Let v be (42/(-8))/((-7)/(-56)). Let b = -29 - v. What are the prime factors of b?
13
Suppose -h = -43 + 2. Let y = 49 + -21. Let g = y + h. List the prime factors of g.
3, 23
Suppose 2*v = -v + 30. Suppose -5*m = 5*p - v, 6 = 2*m + 5*p - 2*p. Suppose -4*q - 3*g - 1 = 2*g, m = -5*q - 3*g + 15. List the prime factors of q.
2, 3
Suppose v - t - 6 = 0, v = 2*t + t + 12. Suppose -i + 5*o - v = -8, -2*o = -5*i + 2. Suppose i = -u + 5. List the prime factors of u.
5
Suppose -3*b - v + 2 = 0, v + 2 = 4*b - 10. Suppose -b*f + 3*o + 142 = 2*o, -2*f + 3*o = -142. List the prime factors of f.
71
Let v(g) = g**2 - g + 4. Let z(m) = -4*m**2 + m + 1. Let o be 4/(-2) + (4 - 3). Let a be z(o). What are the prime factors of v(a)?
2, 3
Suppose -2*q + 8 = 0, 7*r = 2*r - 4*q + 36. List the prime factors of 61 - (r/(-6) + 2/3).
61
Suppose 5*k = -3*r + 1343, r - 2 = -1. What are the prime factors of k?
2, 67
Let a(w)